 m(t) = -t - 1. Let j(x) = 3*x + 3. Let f(s) = -4*j(s) - 11*m(s). Suppose 15 = n - 3*c, -n - 4*c = -3*n + 22. Give f(n).
-4
Let c(d) be the first derivative of -d**3/3 - 3*d**2 - 6*d - 892. Give c(-6).
-6
Let r(v) be the second derivative of -v**4/4 - v**3/2 + v**2/2 + 3*v - 1. What is r(-5)?
-59
Let w(n) = -2*n + 1. Let f be 6 + (-3)/(9/6). Suppose 10 = -f*t + 34. Calculate w(t).
-11
Let c(v) = v - 38. Let m be c(35). Let g(n) = 3*n**3 + 2*n**2 + 2*n - 5. Let o(s) = 7*s**3 + 5*s**2 + 4*s - 11. Let f(x) = -9*g(x) + 4*o(x). Determine f(m).
-2
Let g(h) = -h**3 - h**2 + h. Let w(b) = 5*b + 19*b**3 + 2 - 52*b**3 + 3*b**2 + 30*b**3. Let n(u) = 4*g(u) - w(u). What is n(-7)?
5
Suppose 2*j = 5*m - 4, -m = 3*m - 8. Let n(l) = 4*l + 3. Let x(z) = -3*z - 1. Let h(u) = -2*n(u) - 3*x(u). Determine h(j).
0
Let s(t) = -t - 6 - 8 - 2*t + 16*t**2 + 43 - 30. Give s(-1).
18
Let q(h) = -7*h**3 + 9*h**2 - h + 6. Let p(y) = -6*y**3 + 9*y**2 - y + 6. Let x(f) = -6*p(f) + 5*q(f). Let g be (-4)/30 + (-685)/(-75). Calculate x(g).
3
Let h(x) = 28*x**2 - x - 1. Let r = 1956 + -1957. Determine h(r).
28
Let d(b) = -b**3 + 5*b**2 - 2*b + 2. Suppose 26*p - 31*p - 405 = 0. Let f = p - -86. What is d(f)?
-8
Let a(i) = i**2 - 5*i + 5. Let h = 65 - 64. Let c = h - -4. Calculate a(c).
5
Let z(p) be the second derivative of -p**6/240 - p**5/40 - p**4/12 + 3*p. Let q(o) be the third derivative of z(o). Suppose 3*k + 6 = -0. Give q(k).
3
Let o = -365 + 364. Let a(c) = -8*c**3 - c**2 - c - 1. Calculate a(o).
7
Let y(u) be the third derivative of u**4/24 + u**3/3 + 291*u**2. Give y(7).
9
Let o(w) = w**3 + 10*w**2 + 5*w + 56. Let u be o(-10). Let d be (-2)/(-7) + (-36)/(-21). Let v(n) = 7 - n**2 + 0*n**2 - 8*n + d*n**2. Calculate v(u).
-5
Let t(p) be the first derivative of -5/3*p**3 - 2*p**2 - p + 8 - 1/4*p**4. Let y(s) = -s + 1. Let c be y(5). Calculate t(c).
-1
Let s be (4/6)/((-6)/(-27)). Suppose s + 5 = 2*d. Let h(p) be the second derivative of -p**3/6 - 8*p. Give h(d).
-4
Let s(u) = u**3 + 10*u**2 + 16*u + 7. Let r = 143 - 151. Let b be s(r). Let z(x) = -2*x - 9. Let i(j) = 5*j + 26. Let o(w) = 3*i(w) + 8*z(w). Calculate o(b).
-1
Let t(a) = a**2 + 2. Let d be -4 - (-7 + 0 + -4). Determine t(d).
51
Let c(g) = -4*g**3 - g**2. Let n be c(1). Let q be (-2)/(-6) + (-1)/3. Let f(r) = 3 + 3 + q*r**2 + r**2 + 0*r**2 + 8*r. What is f(n)?
-9
Suppose -36 = 3*b - 7*b. Let d(q) = -q**2 - 3 - b + 3 + 9*q. Give d(7).
5
Let v(c) = -4*c - 2. Let h = -17 + 5. Let a(s) = -s - 16. Let g be a(h). Give v(g).
14
Let y(r) = -r**2 - 12*r - 14. Suppose z = -2*q - 21, -7*z = 4*q - 8*z + 39. Give y(q).
6
Suppose -255*z = -254*z + 6. Let a(w) = -1 - 4*w - 1 - w**2 + 8. Calculate a(z).
-6
Let p(l) = -l**2 + l - 1. Suppose 13*s - 12*s - 21 = 0. Let h be (-19)/7 - 6/s. What is p(h)?
-13
Suppose 0 = -10*s - 2*s - 5*s. Let j(y) be the second derivative of 1/2*y**2 - 1/6*y**3 + s - 9*y. Determine j(4).
-3
Let s(y) = y**2 + 2*y + 1. Let q(d) = 10*d**2 + 11*d + 5. Let j(a) = q(a) - 5*s(a). Let c(o) = o**2 - 9*o - 9. Let h be c(10). Give j(h).
6
Let n(t) = -t**2 + 3*t - 1. Suppose 2*z + 3*a = -29, -4*z + 5*z + 2*a = -12. Let m = -12 - z. Suppose 0 = 5*g - m - 10. Give n(g).
-5
Let y = 1467 + -1468. Let a(l) = -15*l**3 - l**2 - l. What is a(y)?
15
Let z = 290 + -289. Let t(w) be the third derivative of w**4/2 - 5*w**2. Give t(z).
12
Let d(k) = 2 + k - 2. Let o be 396/726 + 144/(-22). Calculate d(o).
-6
Let h(f) = -f**3 - 6*f**2 + 6*f - 3. Let b(m) = 7*m**3 - 2*m**2 - 2*m. Let y be b(-1). What is h(y)?
4
Let x(k) = k**2 + 2*k - 1. Let u = 441 + -230. Suppose -3*n - 199 + u = 0. What is x(n)?
23
Let p(y) be the first derivative of -y**6/120 - y**5/15 - y**4/8 - y**2 - 1. Let h(b) be the second derivative of p(b). Calculate h(-3).
0
Let m be (-1*2)/(1/3). Let w(g) = -g**3 + 21*g - 22*g - 5*g**2 + 7*g. Give w(m).
0
Let o(h) = h**3 + 7*h**2 - 20*h - 15. Let i be o(-9). Let n(m) = -m**2 - 2*m + 2. What is n(i)?
-13
Let i = -29 + 31. Suppose -n + 4 = -2*b + b, -i*n + 3*b = -6. Let g(p) = -p**3 + 7*p**2 - 5*p - 2. Give g(n).
4
Let b(r) = r - 5. Let l be b(3). Let j be 1 - (-2)/l*-1. Let t(o) = o**2 + 1 - 2 - 1 - 2*o**j - 9*o. Give t(-6).
16
Let d(q) = 3*q - 3. Suppose 36 = -3*p + 99. Suppose -9*a + p = -2*a. Give d(a).
6
Let i be 2/(-8) + 117/52. Let w(x) = 2*x**3 - 3*x**2 + 2*x - 1. What is w(i)?
7
Let h = 134 - 132. Suppose -u = -v - 2 + 6, -h*v + 8 = 2*u. Let f(k) = -k**2 - k + 4. Determine f(v).
-16
Let z = -563 + 561. Let o(p) = 3*p**3 + p**2 + 2*p + 2. Calculate o(z).
-22
Let y(g) be the second derivative of 4*g + 1/24*g**4 - 1/3*g**3 - 1/60*g**5 + 1/120*g**6 + 0 + 5/2*g**2. Let v(i) be the first derivative of y(i). Give v(2).
4
Let q be (1 - -5 - 4)*1. Let a(y) = 8*y**2 + 2*y - 3. Determine a(q).
33
Let m = 1060 - 1057. Let t(y) = 2*y**3 + 3 + 5*y - 2*y - 5*y**2 - y**3. Calculate t(m).
-6
Let m(j) = -3*j - 66. Suppose 5*i - 10*i - 116 = 4*d, 2*d = -2*i - 48. Determine m(i).
-6
Let f(w) = w**3 + 5*w**2 - 6*w - 3. Let l be (-233)/(-7) + (-10)/35. Let h = l - 39. Determine f(h).
-3
Let u(v) = -11*v**2 + 2*v - 1. Let c(b) = -12*b**2 + 4*b - 2. Let x(t) = -2*c(t) + 3*u(t). What is x(1)?
-10
Let m(q) = q + 5. Let b = -137 - -137. Give m(b).
5
Let o(d) be the second derivative of -d**5/20 + d**4/12 + d**3/6 + 21*d + 2. Give o(2).
-2
Let s(k) be the first derivative of -k**2 - 5*k - 97. Determine s(5).
-15
Let u(v) = -v**3 + 14*v**2 - 9*v. Let n be u(14). Let k = n + 131. Let z(w) = w**2 - 6*w - 3. What is z(k)?
-8
Let v(u) be the second derivative of u**5/20 - 7*u**4/12 - 5*u**3/6 - 3*u**2 - 103*u - 1. What is v(7)?
-41
Let x(r) = -r**2 + 18*r - 1. Let d be x(17). Let i(h) = h - 18. Give i(d).
-2
Let a(q) = -q**2 - 2*q + 3. Suppose 4*z - 95 = -79. Determine a(z).
-21
Let n(j) = j**2 - 5*j + 3. Suppose 29 = 3*p - 17*c + 21*c, -4*p = 3*c - 27. Determine n(p).
-3
Suppose -2*q - 8 = 0, 4*q - 4 = a - 22. Let s(n) be the third derivative of 11*n**a + 0 + 0*n**3 - 1/60*n**5 - 1/3*n**4 + 0*n. Determine s(-7).
7
Let z(c) be the third derivative of -c**4/3 - c**3/3 - 24*c**2 + 8*c. What is z(-1)?
6
Let y(n) = 11*n. Let d = -80 + 135. Let o = d - 56. Give y(o).
-11
Suppose 5*d - 17 = p, -15 = 5*p - d - 50. Let r(y) = -2 + p*y + 2 + 2 - 6*y. Calculate r(-5).
-8
Let x be -5 + (2 - (1 - -4)). Let p(o) = -o**3 - 7*o**2 + 13*o - 5. Let q(j) = -j**3 - 7*j**2 + 14*j - 4. Let y(z) = 4*p(z) - 3*q(z). Determine y(x).
-24
Let m be 28/(-6)*3/2. Let h be 42/m - (0 + -1). Let j(c) = -c**2 - 7*c - 6. Give j(h).
4
Let g(k) = k**3 + 13*k**2 - 73*k - 81. Let l be g(-17). Let h(v) = v**3 - 3*v**2 + 9*v - 6. What is h(l)?
46
Let j(u) = -5*u**2 + u - 2. Let m = 533 - 531. What is j(m)?
-20
Let s(r) = r**3 - 7*r**2 + 7*r + 1. Suppose -42 = -12*g + 5*g. Determine s(g).
7
Let x(l) = 2*l**3 + 15*l**2 + 5*l - 22. Let h be x(-7). Let a(w) = w**2 + 11*w + 20. What is a(h)?
-4
Let k(p) = -p**3 + 5*p**2 + 8*p - 5. Let m(b) = -3*b + 2. Let x be m(4). Let z = -10 + x. Let o be 4/(-6) - z/3. Give k(o).
7
Let j(v) = 5*v - 3*v + v**2 - 5 + 5*v**3 + v. Let i(r) = -r**3 + r**2 + 1. Let s(c) = 4*i(c) + j(c). Give s(-4).
3
Let s(k) = 5*k - 3. Let u(i) = i + 1. Let x(d) = s(d) - u(d). Suppose -346*b + 695*b = 347*b + 12. Calculate x(b).
20
Suppose -72 = 5*v - 14*v. Let x(m) = -m**2 + 4*m + 2. Determine x(v).
-30
Suppose 2*b + 4*i = 2, 5*i - 10 = -3*b - 8. Suppose 3*h - 10 = -2*t, 0*h = -3*t - h + 15. Let q(u) = -2*u**2 + u - 6*u**2 - t*u**2. Determine q(b).
-14
Suppose -v - 1 = 2*p, -p + 5 = 4*v + 4*p. Suppose -v*b = -0*b - 30. Let g(f) = -f - 2. What is g(b)?
-8
Let l(i) be the second derivative of -i**3/6 - 11*i**2/2 + 53*i. Give l(-6).
-5
Let d(g) = -5*g**3 - 10*g**2 - g + 1. Let m be d(-2). Let v(c) = 3*c - 3. What is v(m)?
6
Let m(h) = h**2 + 13*h + 35. Suppose 2*k = 3*j - 21, 9 + 15 = -3*k - 3*j. Calculate m(k).
-1
Let y(a) = a**3 + 6*a**2 + 4*a - 3. Let z be (-2 + (-28)/(-10))/((-2)/(-10)). Suppose -u - 15 + 0 = z*l, 5*l = 5*u - 25. Determine y(l).
13
Let u(i) = 8*i - 75. Let q(v) = -3*v + 25. Let d(k) = 7*q(k) + 2*u(k). Let p(j) = -3*j + 13. Let n(t) = 6*d(t) - 11*p(t). What is n(-5)?
-8
Let m(d) = -d - 1. Let x(a) = a**2 + 5*a - 4. Let z be x(-4). Let w = 13 + z. Suppose 7 = c - 3*l - w, c + 13 = -2*l. Determine m(c).
2
Let z(k) = 7*k - 4. Suppose -2*u + 2*i - 8